z).
2
Let r = 2 - 5. Let p be 9/6*(5 + r). Suppose -p*v = -2*v - 7. List the prime factors of v.
7
Let v(u) = -u**3 - u**2 + u + 37. Let r = 1 + -1. What are the prime factors of v(r)?
37
Suppose -13 = -2*j + 23. Suppose j = 6*v - 5*v. What are the prime factors of v?
2, 3
Let b be (18/(-4))/((-6)/64). Suppose -2*t + 5*t = b. List the prime factors of t.
2
Suppose j - 8 = 2*k - 63, -3*k + j = -85. Suppose 0 = 5*t - 5*m - k, 20 + 0 = 4*m. List the prime factors of t.
11
Let a = 10 + -9. Suppose r = -4 - a. What are the prime factors of 7*(-1 + (-3 - r))?
7
Let j(i) = -i**2 - 20*i + 9. What are the prime factors of j(-20)?
3
Let t(u) = 2*u**2 + 4*u + 2. Let d be t(-2). Suppose 0 = -3*c - c + 3*i + 24, 2*c + 2 = -2*i. Suppose -d*b + 25 = c*b. What are the prime factors of b?
5
Suppose 2*s - s = 100. Suppose 50 = 2*l + y, -2*y = 4*l - 4*y - s. List the prime factors of l.
5
Let j be 1 + -2 - (-8 + 9). Let s be 0/j + -4 + -14. Let c = s + 32. List the prime factors of c.
2, 7
Let b = 823 + -492. What are the prime factors of b?
331
Let w(y) = -15*y**2 - 21*y - 17. Let v(m) = -7*m**2 - 10*m - 8. Let b(k) = -13*v(k) + 6*w(k). Let l be b(-5). Let c = 24 - l. What are the prime factors of c?
17
Let v = -26 - -28. What are the prime factors of v?
2
Suppose -1773 = -6*v - 249. What are the prime factors of v?
2, 127
Let j(t) = 3*t - 14. List the prime factors of j(6).
2
Let s be ((-12)/5 - -2)*-10. Suppose -g + 4 + 6 = -s*f, 5*g - 67 = 3*f. Suppose 0 = 4*w - 5*h - 28, -3*w - g = 6*h - h. List the prime factors of w.
2
Let x = -178 + 318. List the prime factors of x.
2, 5, 7
Let g be (20/15)/((-2)/3). What are the prime factors of -3 + 1 + (31 - g)?
31
Let h(z) = 26*z**2. Suppose -d = 3*k + 13, d + 2*k = -3*d - 12. List the prime factors of h(d).
2, 13
Let q(g) = 3*g**3 + 5*g**2 + 6*g - 2. Let h(v) = -2*v**3 - 5*v**2 - 5*v + 1. Let x(l) = -4*h(l) - 3*q(l). List the prime factors of x(5).
2, 3
Let f(a) = 2*a - 6. Let g be f(5). Suppose 3*r - 3*l - 10 = 20, -2*r - 2*l = 0. Suppose 34 = g*i - 5*p, -r*i - 2*p + 3 = -56. What are the prime factors of i?
11
Let p(y) = y**3 + 11*y**2 + 12*y + 7. Let j be p(-10). Let n = -6 - j. What are the prime factors of n?
7
Let j(w) = -w**3 + 2*w**2 + 2*w - 1. Let q be -2 - (-1 - 3) - 0. Let v be j(q). List the prime factors of v/((-15)/24 + 1).
2
Let k = 67 + 184. What are the prime factors of k?
251
Let n(y) = 5*y**2 - 2*y - 14 + y**3 + 4 - 3 + 4*y**2. Let v be n(-9). Suppose -v = -l - 0. What are the prime factors of l?
5
Let d be (-1)/((-8)/10)*-4. Let y = d + 10. Suppose y*b = 3*s + 44, -2*b - s + 5 = -6. What are the prime factors of b?
7
Suppose 0 = -a - 2*a + 24. Suppose -5*v + 12 = -a. Suppose y - 5*k = v + 5, k = 2*y - 27. What are the prime factors of y?
2, 7
Let q(x) = x**2 + 1. Let r be q(2). Let u be r/(-2)*72/(-45). Suppose -8 = u*c - 40. What are the prime factors of c?
2
Suppose -s - 117 = -2*s - 4*k, -2*k = -2*s + 284. What are the prime factors of s?
137
Suppose 1 = 3*y - 14. Suppose -5*m = -y*v + 55, 0 = 4*v - 3*m + 4*m - 59. What are the prime factors of v?
2, 7
Suppose -5*d = 3*h - 20, 3*h + h = -3*d + 23. List the prime factors of h.
5
Suppose 4*j + 4*f = -0*f - 4, -2*j = -3*f + 2. List the prime factors of j*(-3 - -4) - -16.
3, 5
What are the prime factors of 37 - (3 - 3)/1?
37
Let d(k) = 2*k - 6. Let g be d(4). Suppose 0 = -n - g*q + 5*q + 32, 2*n - 4*q - 58 = 0. What are the prime factors of n?
23
List the prime factors of 0 + (-9)/((-18)/356).
2, 89
Let l(w) = w**3 - 3*w**2 + 2. Let y be l(3). Suppose -y*b - 2*b = -108. List the prime factors of b.
3
Suppose -2*t - 3*f + 13 = -t, -3*f + 9 = 0. Suppose -3*r - 3*w = -87, -w - t*w + 93 = 3*r. List the prime factors of r.
2, 13
Suppose -3*c + y + 375 = 0, c + 2*c - 3*y = 381. List the prime factors of c.
2, 31
Suppose 2*l + 121 = 5*i + 5*l, -2*i - 4*l + 54 = 0. List the prime factors of i.
23
What are the prime factors of ((-2)/6)/((-4)/72)?
2, 3
List the prime factors of (29 + 1)*12/9.
2, 5
List the prime factors of (4 - 6)*-15 + -3.
3
Let o(t) = t + 3. Let j(d) = d**2 - 6*d - 11. Suppose -27 = -5*b + 13. Let g be j(b). List the prime factors of o(g).
2
Suppose -6*c + 3540 = 9*c. What are the prime factors of c?
2, 59
Suppose -3*b = 3*t, -4*b = -5*t - 0*t - 18. Suppose -31 = -h + 3*y, -h - b*y = -3*y - 37. What are the prime factors of h?
2, 5
Suppose -101 = -5*z + 2*o, 0*o - 109 = -5*z - 2*o. Let a = 8 + z. List the prime factors of a.
29
Let q(r) = -r**2 - 15*r + 12. List the prime factors of q(-15).
2, 3
Suppose 39 - 7 = -4*z. Let f = z - -11. Suppose 0 = f*g - 24 - 0. List the prime factors of g.
2
Let r be (-2)/(-3) - (-38)/6. Suppose s + 5*f = 2*f - 3, s + 5*f + r = 0. List the prime factors of s.
3
Let r = 86 + -45. List the prime factors of r.
41
Let r(o) = -7*o - 23. List the prime factors of r(-9).
2, 5
Let q be (-16)/12*9/(-6). Suppose -4*n + 8 = -8, 2*u - q*n - 56 = 0. List the prime factors of u.
2
Suppose -49*c + 55*c = 870. List the prime factors of c.
5, 29
List the prime factors of -10*(-1 + 0) - -3.
13
Let v = -6 + 5. List the prime factors of (-10)/v*12/15.
2
Let h be (-120)/28 + (-4)/(-14). Let v be -4*(1 - 10/4). Let j = h + v. List the prime factors of j.
2
Suppose 0*d = -2*d - 4. What are the prime factors of -2*(11/d + -1)?
13
Suppose 43 = -4*l + 3*w, -3*w = -3*l - 8*w + 4. Let x(z) = -z**2 - 6*z + 9. Let c be x(l). Let a = c - -6. What are the prime factors of a?
2
Let c be 0/3 + 0 - -3. Suppose -5*x = h + 40, -x - x - c*h - 3 = 0. Let l(d) = -d - 3. List the prime factors of l(x).
2, 3
Suppose -3*r + 18 + 9 = 0. Let m = -2 + r. Suppose -5*v = -w - 5, -v - 3*v + 3*w - m = 0. What are the prime factors of v?
2
Let k = 0 + -3. Let j = k + 6. List the prime factors of j.
3
Let p(q) = q**3 + 12*q**2 + 7*q - 6. List the prime factors of p(-6).
2, 3, 7
List the prime factors of (-8)/(-8) + -1 + 47.
47
Let c(i) = i**3 + 13*i**2 + 2*i + 16. Let m be c(-13). List the prime factors of (-6)/10 + (-316)/m.
31
Let g(v) = 3*v - 2. Suppose 3*k = 8*k - 15. Let j be g(k). Let p = -4 + j. What are the prime factors of p?
3
Suppose -2*a = -3*u - 60, 0*a + 2*a - u = 68. What are the prime factors of a?
2, 3
Suppose -4*y + 0*o + 2*o - 10 = 0, -10 = 3*y - 2*o. Suppose r + 4*c = 6*r - 97, 2*r + 5*c - 52 = y. Let u = r - 10. What are the prime factors of u?
11
Let v(q) = -q**3 - 3*q**2 + 4*q - 2. Let l be v(-4). What are the prime factors of 1 - (-1 - l - 10)?
2, 5
Suppose 4*n + 1 = 13. Suppose 5*s - 71 = -4*r, s + 55 = n*r + 3*s. What are the prime factors of r?
19
Let k = 3 + -3. Suppose -2*f = -k*f - 48. Suppose 3*b = 2*o + f, -5*o + 2 = -13. List the prime factors of b.
2, 5
Suppose l = 4*l - 60. Suppose 3*f + 20 = -2*i, i - 5*f = -i - l. What are the prime factors of (-114)/(-10) + 4/i?
11
Let f = 0 + -3. Let z(n) = -10*n**2 + n + 3. Let h be z(f). What are the prime factors of (-1)/((-3)/h*-2)?
3, 5
Let u(a) = a**2 - a. Let f be u(-3). Suppose t - f = -t. List the prime factors of (0 + 1)*(9 - t).
3
Let k be 9 + -7 - 6/2. What are the prime factors of 2/(k - 1)*-11?
11
Suppose -3*k + 7 + 2 = 0. Suppose -l = -k*l + 22. List the prime factors of l.
11
Let h(n) = -1 - 4*n - 4*n + 1 + 3. List the prime factors of h(-4).
5, 7
Suppose 4*b = -b + 15. Suppose 2*n - 19 + 117 = 4*o, b*o = n + 76. What are the prime factors of o?
3
Let c(r) = 411*r**2 + r - 1. List the prime factors of c(-1).
409
Suppose -u = -5*u + 360. Suppose 5*i - 76 = -2*k - 1, -4*k + u = -2*i. What are the prime factors of k?
5
Let v(k) = -1. Let g(n) = -2*n**2 - 3*n + 5. Let s(r) = -g(r) - 6*v(r). What are the prime factors of s(-3)?
2, 5
Let y(l) = l**3 + 7*l**2 - l - 7. Let m be y(-7). Suppose -o + 4 - 1 = m. What are the prime factors of o?
3
Let s(c) = -c**2 + 11*c - 4. Let j be s(10). Suppose -4*i = -3*r + 2*r - 13, -5*r = 5*i - 35. Let a = j - i. What are the prime factors of a?
2
List the prime factors of (146/8)/((-2)/(-8)).
73
Suppose -9*d + 13*d = 900. What are the prime factors of d?
3, 5
Let p(b) = b**3 + 11*b**2 + 2. Let x(g) = g**2 + 10*g + 10. Let f be x(-7). What are the prime factors of p(f)?
2
Suppose 0 = 10*p - 471 - 709. What are the prime factors of p?
2, 59
Suppose 2 = -a + 3*n - 1, -5*a = 4*n - 23. Suppose 4*o = -f + 20, a*f - 78 = -o - 2*o. List the pr